3?
False
Is 2912 a factor of 618636422?
False
Does 20 divide 10200316?
False
Is 5566 a factor of 1273814288?
False
Is 7426 a factor of 919695248?
True
Is 22 a factor of 57365308?
True
Is 474 a factor of 2606615581?
False
Is 177206399 a multiple of 215?
False
Is 409592 a multiple of 103?
False
Is 161692506 a multiple of 954?
True
Is 9 a factor of 169612577?
False
Is 20004960 a multiple of 142?
True
Is 272879790 a multiple of 11?
False
Is 6 a factor of 324021368?
False
Does 91 divide 353937538?
False
Does 409 divide 48121304?
True
Is 53756320 a multiple of 13?
False
Is 243 a factor of 348983478?
True
Is 228 a factor of 2879799828?
True
Is 2288 a factor of 49749150?
False
Is 139597978 a multiple of 14?
False
Does 426 divide 387688542?
True
Is 442494 a multiple of 102?
False
Is 6974842 a multiple of 38?
False
Does 1034 divide 470941372?
False
Does 25 divide 45969800?
True
Is 3214 a factor of 382829182?
True
Is 4065784137 a multiple of 8715?
False
Is 389 a factor of 228625803?
True
Is 126 a factor of 50752926?
True
Is 555 a factor of 16179500?
False
Is 2786 a factor of 123951681?
False
Does 9666 divide 6207241213?
False
Is 1290773484 a multiple of 441?
True
Is 29 a factor of 90766839?
True
Is 403153904 a multiple of 16?
True
Is 1073378524 a multiple of 3092?
True
Is 4818 a factor of 1759587864?
False
Does 1030 divide 70809410?
True
Does 84 divide 146969928?
True
Does 2 divide 14944787?
False
Is 36 a factor of 625673848?
False
Is 17 a factor of 2640133?
False
Is 54 a factor of 266898312?
False
Is 6 a factor of 197803776?
True
Is 175 a factor of 5798423925?
True
Is 228493010 a multiple of 1885?
False
Is 42 a factor of 73649768?
False
Is 1584 a factor of 26642282?
False
Is 25021147 a multiple of 607?
True
Is 742 a factor of 82393164?
True
Is 3 a factor of 17361123?
True
Is 45262860 a multiple of 20?
True
Is 48 a factor of 6137593872?
True
Is 276155475 a multiple of 43?
False
Is 1502722480 a multiple of 6440?
True
Is 65 a factor of 10009610?
True
Does 4236 divide 331877892?
True
Is 2811480 a multiple of 28?
True
Does 1905 divide 152608348?
False
Is 5 a factor of 2376980?
True
Does 165 divide 52707340?
False
Is 13 a factor of 107172377?
True
Is 102430405 a multiple of 381?
False
Does 7 divide 124029414?
False
Is 3 a factor of 632707?
False
Is 1814 a factor of 4187465900?
False
Does 896 divide 605803520?
True
Is 69 a factor of 4637044?
False
Is 38843008 a multiple of 1655?
False
Does 46 divide 981173192?
True
Is 1578485400 a multiple of 10690?
True
Is 91267927 a multiple of 8?
False
Is 973 a factor of 10398451?
True
Is 2029848120 a multiple of 1080?
True
Does 426 divide 26986248?
True
Is 42 a factor of 180230985?
False
Does 37 divide 31933803?
False
Does 890 divide 79814310?
True
Does 22 divide 179605736?
False
Is 34 a factor of 298305943?
False
Does 333 divide 448610940?
True
Does 7 divide 57244465?
False
Is 168 a factor of 25873848?
True
Does 273 divide 2082290?
False
Is 60377796 a multiple of 30?
False
Is 5648 a factor of 1292533504?
True
Is 8542087 a multiple of 7?
False
Is 5386958 a multiple of 113?
False
Does 8 divide 27474399?
False
Does 73 divide 681482360?
False
Does 122 divide 116151442?
True
Does 85 divide 36492200?
True
Is 3870337963 a multiple of 13?
False
Does 1445 divide 17293760?
True
Is 50939054 a multiple of 400?
False
Does 1274 divide 211696758?
True
Is 1199 a factor of 165260736?
False
Is 3489979 even?
False
Does 2686 divide 34480182?
True
Is 71873093 a multiple of 31?
False
Does 4158 divide 21591874?
False
Is 407569012 a multiple of 500?
False
Does 16 divide 920153616?
True
Does 181 divide 77250257?
True
Is 1512700138 a multiple of 4?
False
Is 17 a factor of 29612827?
True
Is 63140885 a multiple of 6649?
False
Is 311 a factor of 15799505?
False
Is 217 a factor of 72219940?
False
Is 546 a factor of 322502300?
False
Does 11121 divide 2853576610?
False
Is 69789411 a multiple of 519?
True
Is 867101793 a multiple of 7779?
True
Is 195218266 a multiple of 20?
False
Is 11951242 a multiple of 24?
False
Is 1071187284 a multiple of 6?
True
Is 600830790 a multiple of 4377?
True
Is 148 a factor of 824044316?
True
Is 249842673 a multiple of 1875?
False
Is 35767469 a multiple of 4?
False
Is 48030083 a multiple of 85?
False
Is 8275250 a multiple of 79?
True
Is 31101620 a multiple of 13?
False
Does 1919 divide 177594634?
False
Is 9 a factor of 10596164?
False
Is 414 a factor of 854346546?
True
Is 781 a factor of 14200923?
True
Is 181 a factor of 5461695?
False
Is 3 a factor of 6506141?
False
Does 5 divide 1173162?
False
Does 4402 divide 735393718?
True
Is 732296 a multiple of 478?
True
Does 621 divide 2139097216?
False
Is 210608460 a multiple of 135?
False
Is 2752976343 a multiple of 18838?
False
Is 918751614 a multiple of 104?
False
Is 13417084 a multiple of 112?
False
Is 665 a factor of 7920126?
False
Is 6137824 a multiple of 7?
True
Is 5694705 a multiple of 129?
True
Is 96438747 a multiple of 1953?
False
Does 84 divide 18472608?
True
Is 163696163 a multiple of 474?
False
Is 2749 a factor of 46764366?
False
Is 99130345 a multiple of 373?
True
Does 12 divide 599191885?
False
Is 13 a factor of 2960021389?
True
Is 19 a factor of 34864729?
False
Is 2415541 a multiple of 7?
False
Is 1374168 a multiple of 186?
True
Is 7 a factor of 48060005?
True
Is 7 a factor of 41220?
False
Is 117305083 even?
False
Is 238343299 a multiple of 163?
False
Does 1155 divide 100613205?
True
Is 52183980 a multiple of 1230?
True
Is 406 a factor of 5987688?
True
Is 5512420367 a multiple of 3686?
False
Does 340 divide 54935840?
True
Is 31 a factor of 66291377?
False
Is 295803984 a multiple of 868?
True
Does 14 divide 541906288?
True
Is 10188 a factor of 3329377272?
True
Is 17 a factor of 14846151?
True
Is 3306 a factor of 25052466?
False
Does 4 divide 10764750?
False
Is 16 a factor of 5290409432?
False
Is 3615389460 a multiple of 564?
True
Does 576 divide 6987654?
False
Does 184 divide 11487072?
False
Is 3763875452 a multiple of 10?
False
Does 2 divide 79775948?
True
Does 100 divide 53545874?
False
Is 5 a factor of 43210761?
False
Is 138948650 a multiple of 1904?
False
Is 34 a factor of 1644202192?
True
Is 653 a factor of 34216547?
True
Is 6935804 a multiple of 550?
False
Does 185 divide 6218590?
True
Is 4 a factor of 883474163?
False
Is 471795690 a multiple of 87?
False
Is 29807646 a multiple of 426?
True
Is 28113630 a multiple of 668?
False
Is 210143512 a multiple of 58?
True
Is 75 a factor of 797139975?
True
Does 332 divide 628631603?
False
Is 715 a factor of 122954998?
False
Is 56242346 a multiple of 8?
False
Does 138 divide 76199874?
True
Does 11 divide 93101560?
False
Is 3888 a factor of 69369469?
False
Is 371 a factor of 904271440?
False
Is 5541143 a multiple of 149?
False
Does 393 divide 27207390?
True
Does 189 divide 668338149?
False
Is 15 a factor of 462378345?
True
Does 44 divide 48852712?
False
Is 851 a factor of 25186196?
True
Is 60 a factor of 34486377?
False
Does 92 divide 8685904?
True
Is 73 a factor of 11175465?
False
Does 297 divide 10169742?
False
Is 72968452 a multiple of 981?
False
Is 25 a factor of 94380245?
False
Is 16 a factor of 288018113?
False
Is 168 a factor of 473113?
False
Is 541094857 a multiple of 6845?
False
Does 8 divide 154551880?
True
Does 89 divide 264697303?
True
Is 2289051684 a multiple of 3189?
False
Is 16077360 a multiple of 28?
False
Is 20 a factor of 1490684600?
True
Does 48 divide 1258367136?
True
Does 13 divide 70193927?
False
Is 56646399 a multiple of 23?
False
Does 12 divide 278616096?
True
Is 84 a factor of 514693452?
True
Is 1383 a factor of 996437615?
False
Is 1761 a factor of 15549630?
True
Is 3247797574 a multiple of 56?
False
Is 1829175274 a multiple of 34?
False
Is 187293132 a multiple of 12?
True
Is 21782162 a multiple of 1263?
False
Is 26 a factor of 474530748?
False
Does 1423 divide 24336318?
False
Does 91 divide 5110651?
True
Is 124 a factor of 11096760?
True
Does 3019 divide 41074563?
False
Is 10 a factor of 29779243?
False
Is 2348 a factor of 121248585?
False
Is 5 a factor of 25824711?
False
Is 265260 a multiple of 5?
True
Is 224617199 a multiple of 15?
False
Is 2549 a factor of 44370443?
True
Does 29 divide 38418156?
True
Is 16 a factor of 379835760?
True
Is 60 a factor of 39826200?
True
Is 615380741 a multiple of